u be 6/(-21) + l/14. What is the greatest common factor of u and 3?
3
Let o(v) = -5*v - 22. Let x be o(-9). What is the greatest common factor of 46 and x?
23
Let z(x) = -x**3 - 5*x**2 + 4*x. Let b be z(-6). What is the greatest common divisor of 30 and b?
6
Let l be 3/((-3)/56)*-2. Suppose -12*t = -47 - 145. What is the greatest common divisor of l and t?
16
Suppose 4*z = 0, -n - n - 3*z = 0. Let a be 1*(n + 6/3). Suppose -a*r + 11 = -21. What is the highest common factor of r and 16?
16
Suppose 0*g = -x - 3*g + 6, 0 = -2*x - 3*g + 21. Calculate the greatest common divisor of 25 and x.
5
Suppose 9*d - 255 + 12 = 0. What is the highest common divisor of d and 6?
3
Let w(y) = -y**2 + 2*y + 1. Let c be w(2). Suppose -x = -c + 5, -4*r + 4*x = -20. Let a = -13 + 20. What is the highest common factor of r and a?
1
Let t = 33 + -22. What is the greatest common divisor of 22 and t?
11
Suppose 5*p - 326 = -2*s + 4*s, 0 = 5*p + s - 332. Calculate the highest common divisor of 6 and p.
6
Suppose 0 = f - 3*f + 160. Let j = -1 - -4. Let q = f - j. What is the greatest common divisor of 7 and q?
7
Let o = 2 + -3. Let a be 2 + (66 + 1 - o). Suppose -2*q = -0*q - a. Calculate the greatest common divisor of 14 and q.
7
Let a = 5 - 0. Suppose 2*t + 0*t - 5*j - 8 = 0, 0 = -a*j. Suppose 0 = k + t - 112. Calculate the greatest common factor of 12 and k.
12
Let n be (-1 + -1)/((-1)/10). Calculate the greatest common divisor of n and 50.
10
Suppose f = j - 9, -j - 4*f + 9 = f. Calculate the greatest common divisor of 3 and j.
3
Suppose 0 = -4*o - 0*t - 2*t + 254, -12 = 4*t. Let s = -17 - -43. Calculate the highest common divisor of o and s.
13
Let d be (4 + -2)/(4/34). Let f = 72 + -21. What is the highest common factor of f and d?
17
Let r(g) = 67*g**3 + g**2 + 2*g + 1. Let z be r(-1). Let d = 109 + z. What is the greatest common factor of d and 14?
14
Let d = 2 + -1. Suppose 20 = -4*b, -2*x - 5*b - d = -4*x. Let i be (-105)/6*x/5. What is the greatest common divisor of i and 6?
6
Let g be (0/(-2*2))/(-2). Suppose g = 2*h - 4*h + 180. What is the highest common divisor of 36 and h?
18
Let o(d) = 4*d**2. Let b be o(1). Suppose -h + b*h - 18 = 0. Let a = 2 - 0. Calculate the highest common divisor of a and h.
2
Suppose -2*i = -2 - 30. Let o(j) = -j**2 + 3*j + 2. Let v be o(2). What is the highest common factor of i and v?
4
Let k = -265 + 377. Calculate the highest common divisor of k and 7.
7
Let s = 72 + -39. Suppose w + 5 = i - 2, 4*i = 5*w + 30. Suppose -64 + 9 = -i*u. Calculate the greatest common divisor of s and u.
11
Let d = 49 - 28. Calculate the greatest common factor of 189 and d.
21
Let n = -78 + 89. What is the highest common divisor of 154 and n?
11
Suppose -5*s - 5*m + 20 = -0*m, -2*s - 3*m = -4. Let f(q) = -q**3 - 7*q**2 - 4*q + 4. Let j be f(-7). Calculate the greatest common divisor of j and s.
8
Let u be (12/(-10))/((-2)/10). Let i(m) be the second derivative of m**3/6 + 7*m**2/2 - 7*m. Let x be i(5). Calculate the highest common factor of x and u.
6
Suppose -4*g = 5*h - 26, -h + g + 0*g + 7 = 0. Calculate the greatest common factor of h and 54.
6
Suppose 27*z - 22*z - 55 = 0. Calculate the highest common divisor of z and 44.
11
Let o = 38 - -116. Calculate the highest common factor of 14 and o.
14
Suppose -l - 9 = -2*l. Let a be (-5)/(-2)*1134/45. Calculate the highest common factor of l and a.
9
Let a be ((-9)/(-4))/(3/(-40)). Let f be ((-22)/(-6))/((-2)/a). Let n(s) = -s**2 - 4*s + 5. Let p be n(-4). Calculate the greatest common divisor of p and f.
5
Suppose l - 21 = u, u + 6 = -3*l - 11. Let w be 90/u*8/(-3). What is the highest common factor of w and 48?
12
Let j(m) = m + 14. Let k be j(-10). What is the greatest common divisor of 28 and k?
4
Let m(y) = 2*y - 8 + 0 + 1 + 6*y**2 - y**3. Let p be m(6). Suppose l + b - 26 = -p, -4*l + 2*b = -66. Calculate the highest common factor of l and 6.
6
Let s be 1 + (0 - 4 - 0). Let m(o) = -o**2 - 3*o + 3. Let y be m(s). Let g be 4*(1/5 - (-808)/160). Calculate the highest common factor of y and g.
3
Let o be -50*(64/(-20))/1. What is the greatest common divisor of 40 and o?
40
Let h be ((-32)/10)/((-1)/20). Calculate the greatest common divisor of 160 and h.
32
Let w(c) = -c**3 + 6*c**2 - 3*c - 7. Let z be w(5). Let o(s) = s**3 + 4*s**2 + 3*s + 3. Let x be o(-3). Calculate the greatest common divisor of x and z.
3
Let m(j) = -j**2 + j + 15. Let k be m(0). Calculate the greatest common divisor of 45 and k.
15
Let i = 27 + 28. Calculate the highest common factor of i and 220.
55
Let l(s) be the first derivative of s**3/3 + s**2/2 + 5*s + 2. Let g be l(0). Let r = -113 + 163. What is the greatest common divisor of r and g?
5
Let d = -4 - -5. Let q be (-436)/(-16) - d/4. Suppose 0 = -5*y + 3 + q. What is the greatest common divisor of 3 and y?
3
Suppose 0 = -6*v + 4*v - 2. Let t be (-20)/(5/v + 3). What is the greatest common divisor of 110 and t?
10
Let h be 5/25 + 38/10. Suppose -h*t + 141 + 259 = 0. Suppose t = 4*x + x. Calculate the greatest common divisor of x and 10.
10
Suppose i = -0 + 3. Let y be (i/9)/((-2)/(-18)). Calculate the highest common divisor of 3 and y.
3
Let z(p) = p**3 + 4*p**2 + p + 5. Let y be z(-4). What is the greatest common divisor of y and 7?
1
Let o be -6 + (-5)/(-1) - -1*361. What is the highest common factor of 40 and o?
40
Let x(o) = 2*o**2 - 4*o - 5. Suppose 2*v + 8 = 4*v. Let b be x(v). Calculate the highest common factor of 55 and b.
11
Let b(j) be the first derivative of j**2 + 14*j - 7. Let d be b(-6). What is the greatest common divisor of d and 1?
1
Suppose -4*c = -c - 66. Calculate the greatest common factor of c and 176.
22
Suppose 4*h - 54 = -3*d, -5*d - 2*h + 63 + 13 = 0. Calculate the greatest common divisor of 2 and d.
2
Let n be 10/((-14)/(-12) - 6/6). What is the highest common factor of n and 12?
12
Let d = -37 + 40. Suppose 4*k - 81 = k. What is the highest common divisor of d and k?
3
Let p be (5 + 59)*(-2)/(-4). Calculate the highest common factor of p and 160.
32
Let i(t) = -t**3 + 5*t**2 - 3*t + 2. Let c be i(4). Calculate the greatest common factor of 12 and c.
6
Suppose 17 = 2*f + 15. What is the highest common divisor of 1 and f?
1
Let p be 6/9 - -34*10/12. What is the greatest common divisor of 232 and p?
29
Let v be (11/(-22))/(1/(-912)). Suppose 3*u + 2*m - 5*m = 702, 2*u - v = -2*m. What is the highest common factor of 33 and u?
33
Let j be ((-28)/10)/(2/(-10)). Suppose -2*i + 10 = -j. Let f = -5 + 8. What is the highest common factor of f and i?
3
Let f = -6 + 6. Suppose 4*l + 3*v = 59 + 33, f = -2*l + 2*v + 60. Calculate the highest common factor of 13 and l.
13
Let z(c) = 33*c**3 + 1 + 38*c**3 + 3*c**2 - 5*c**2. Let i(t) = -2*t - 3. Let u be i(-2). Let g be z(u). What is the greatest common divisor of g and 14?
14
Suppose 2*c - 45 = 3*s, -3*c = -c - 2*s - 48. Calculate the highest common factor of 45 and c.
9
Let a = 3 + 1. Suppose 5*g - 348 = 3*f, 0*g = a*g + f - 275. Suppose 4*v + 17 = g. Calculate the highest common factor of 104 and v.
13
Let x(g) = g**3 + 5*g**2 + 5*g + 6. Let j be x(-4). Let d = j + 0. Let h be d/(-9) + (-1950)/(-27). What is the greatest common divisor of 8 and h?
8
Let o be 1*-2 + (-280)/(-14). What is the greatest common divisor of o and 72?
18
Suppose 0*z + o + 5 = -2*z, -2*o = 2. Let i be 39 - (z - (-1 - -2)). What is the greatest common factor of i and 6?
6
Let m(u) = 7*u**2 - 1 + 1 + u**3 + 3*u. Let v be m(-5). Let y = -23 - -37. Calculate the highest common divisor of y and v.
7
Let t(b) = 23*b. Let j be t(1). Let m be (10/(-15))/(1 + (-418)/414). What is the highest common factor of m and j?
23
Suppose 0*z - 2*z = -12. Let d be 12 + 2/((-4)/z). Calculate the highest common factor of 18 and d.
9
Suppose 2*u + 2*b = -4, -7*u = -2*u - 4*b - 17. Let y be 28/(1/(u/2)). Calculate the highest common factor of 14 and y.
14
Suppose i = s - 0*s + 48, 192 = 4*i + 4*s. What is the greatest common divisor of i and 12?
12
Suppose 5*j - 20 = 2*f, -j = 3*f - 1 - 3. Let a(c) = c**2 - c + 11. Let o be a(f). Let s be (11/2)/(3/6). What is the greatest common factor of s and o?
11
Suppose -73 = -19*u + 573. Calculate the greatest common divisor of u and 2.
2
Suppose 0 = 2*r - 5*r + 60. Calculate the highest common factor of 10 